5*y. Suppose 2*g = 5*k + 335, k + 2*g + g + 50 = 0. Let f = -43 - k. What is the remainder when f is divided by d?
6
Suppose -5*b + 144 = -4*l - 357, -98 = -b + 3*l. What is the remainder when b is divided by 17?
16
Let a = 18 - 6. Suppose -5*y + 0*c - 4*c = -696, -5*c = -y + 145. Suppose -w = 3*w - y. What is the remainder when w is divided by a?
11
Let w = 92 + -89. Calculate the remainder when 7 is divided by w.
1
Suppose -b + 201 - 77 = 0. Calculate the remainder when b is divided by 32.
28
Let z(f) = -f**2 - 7*f + 4. Let n(h) = -2*h**2 - 6*h + 4. Let y(k) = -4*n(k) + 3*z(k). Let a = -20 + 23. Calculate the remainder when y(a) is divided by 17.
16
Let n(h) = -10*h**3 - 3*h**2 - 6*h - 2. What is the remainder when n(-2) is divided by 27?
24
Let z = -23 + 51. Let n = 6 + -3. What is the remainder when n is divided by 4/((-7)/(z/(-16)))?
0
Let q(t) = 4*t**2 - t - 2. Suppose -y = l + 3*y - 3, 0 = -3*y - 3. What is the remainder when q(2) is divided by l?
5
Let x be -2 + -1 - 0 - -25. Let i = x + -1. Calculate the remainder when i is divided by 12.
9
Let r = 15 - 28. Let y = -9 - r. Calculate the remainder when y is divided by 2.
0
What is the remainder when 3 - (-116)/(-36) - (-1736)/36 is divided by 10?
8
Let p be (-4 + 3)/(0 - 1). Calculate the remainder when (3 - p) + (2 - -28) is divided by 17.
15
Let v(u) = -8*u + u**2 - 5 + 3*u**3 - 4*u**3 - 9*u**2 + 2*u**3. What is the remainder when 10 is divided by v(9)?
2
What is the remainder when 0 + 13 - (-1 - (1 - 0)) is divided by 9?
6
Let s(w) = w**3 - 1 + 0*w + 4*w**2 - 1 - 6*w. Let n be s(-5). What is the remainder when 47 is divided by 4/n*(15 - 6)?
11
Let d = 14 - 8. Let o(r) = r**3 - 4*r**2 - 6*r - 8. What is the remainder when o(d) is divided by 10?
8
Let z(q) = -q + 5. Let g be z(-17). Let b = g + -17. Calculate the remainder when 9 is divided by b.
4
Let i(q) be the first derivative of q**4/4 + 7*q**3/3 + 2*q**2 - 4*q + 2. What is the remainder when i(-4) is divided by 10?
8
Let i(d) = -d**3 + 4*d**2 + 5. Let r be i(4). Let s = 87 + -43. What is the remainder when s is divided by r + -5 + 16 + -1?
14
Suppose 3*y - 53 = 3*f + f, -4*y + 5*f = -71. Calculate the remainder when 49 is divided by y.
11
Let s = -60 + 93. Suppose 3*h = -2*h - 200. Calculate the remainder when s is divided by (64/h)/((-4)/30).
9
Let o(l) = l**3 + 3*l**2 + 1. Let d be o(-3). Suppose 5*b + 3*i = 37, -i = -4*b - 0*b + 16. Calculate the remainder when 13/(-2 - -3)*d is divided by b.
3
Let a(s) = -s**3 - 19*s**2 + 17*s - 41. What is the remainder when 73 is divided by a(-20)?
16
Suppose -3*x + 252 = -24. Calculate the remainder when x is divided by 19.
16
Let b be (-84)/(-10) - (-4)/(-10). Suppose 0 = -0*g + 2*g - b. What is the remainder when 7 is divided by g?
3
Let n be (-3)/(-5) - 219/15. Let l be ((-6)/7)/(2/n). Suppose l*y = 2*y + 68. What is the remainder when 33 is divided by y?
16
Let l = -1 + 1. Let d(n) = n + 2. Let f be d(l). Suppose -f*o = -2*c - 38, -5*c = 5*o - 2*o - 17. Calculate the remainder when 41 is divided by o.
13
Let s = 23 + -13. Let z(b) = b**2 - 10*b + 3. Calculate the remainder when 6 is divided by z(s).
0
Suppose 0*g - 9 = -3*g. Suppose -k + 43 = 5*s, 5*s + 8*k - 55 = g*k. Calculate the remainder when 21 is divided by s.
5
Suppose -45 = -4*j + 7. Let a(f) = -3*f + 7. Let t(r) = -6*r + 14. Let o(s) = 5*a(s) - 2*t(s). What is the remainder when o(-6) is divided by j?
12
Let f be 101/11 + (-4)/22. Suppose -53 + f = -4*g. Suppose -2*k = z - 4*k - g, z + k - 5 = 0. What is the remainder when z is divided by 4?
3
Suppose 5*n = 5*m - 3*m - 70, -3*m = 4*n - 128. Suppose 9*p = 5*p + m. What is the remainder when 19 is divided by p?
9
Suppose 4*j + 3*n - 42 = 0, 3*n + 39 = j + 4*j. Calculate the remainder when 25 is divided by j.
7
Let p = -75 + 188. Suppose 0 = 3*y - p - 52. What is the remainder when y is divided by -28*(-1)/(-18)*-9?
13
Suppose -34 = -2*r + 4*r. Let b = 61 - r. Suppose -5*a - 5*i = -125, -2*a + 5*i = -0*a - b. Calculate the remainder when a is divided by 10.
9
Suppose 0 = -21*z + 15*z + 192. What is the remainder when z is divided by 17?
15
Suppose 17 = 4*k - 247. What is the remainder when k is divided by 34?
32
Let w(m) = 3*m + 7. Suppose -6 = -p - 5*l - 2, 5*p - l - 46 = 0. What is the remainder when w(6) is divided by p?
7
Let i(p) = p**3 - 12*p**2 + 2*p + 8. Let y be i(12). Suppose -2*x - y = -2*s - 7*x, 0 = 5*s + 4*x - 63. Calculate the remainder when 19 is divided by s.
8
Let k(l) = -l**3 + 9*l**2 + 9*l + 23. Calculate the remainder when 47 is divided by k(10).
8
Suppose 4*y - x = 13, -5*x = -5*y + 3 + 2. What is the remainder when 51 is divided by y?
3
Let y = 38 - 25. What is the remainder when 23 is divided by y?
10
Let p = -61 + 89. What is the remainder when 111 is divided by p?
27
Let n(o) = 2*o**2 + o. Let i be n(1). Suppose -i*s = -24 - 51. What is the remainder when 49 is divided by s?
24
Let x(y) = 2*y**3 - 6*y**2 + 6*y + 3. Calculate the remainder when x(3) is divided by 5.
1
Suppose 5*t - 75 = -10. Calculate the remainder when 102 is divided by t.
11
Let m(a) = -3*a**2 + a - 4. Let d be m(3). Let q = -33 + 32. Let n = q - d. Calculate the remainder when n is divided by 7.
6
Suppose 0 = -5*k + g + 54, 4*g = 7*g - 3. Let z = k + -6. Suppose -124 = -3*i - z*d, -1 = i - 2*d - 35. Calculate the remainder when i is divided by 13.
12
Let w(z) = 5*z - 2. Let x be w(2). Suppose 2*r + 2 = r - 3*y, x = r - 2*y. What is the remainder when 8 is divided by r?
0
What is the remainder when 111 is divided by (-536)/(-14) + (-2)/7?
35
What is the remainder when 85 is divided by ((-2)/(-3))/((-4)/(-174))?
27
Suppose -27*r + 132 + 192 = 0. What is the remainder when 17 is divided by r?
5
Let l = 84 - 79. Calculate the remainder when l is divided by 5.
0
Suppose 2*c + 3 = 15. What is the remainder when 15 is divided by c?
3
Let i = 0 + -7. Let h = i - -4. Calculate the remainder when 1 is divided by 2/h + (-40)/(-24).
0
Let x = -38 + 61. What is the remainder when x is divided by 9?
5
Suppose -4*w = 2*z, 2 = -z - 2. Suppose -1 + 11 = w*s. Suppose 2*u - 8 = -2. What is the remainder when s is divided by u?
2
Suppose -3*z = 2*z - 60. Calculate the remainder when 33 is divided by z.
9
Suppose -20 = -2*c + 4*f, -5*c + 2*f + 10 = -0*c. Suppose -j + 0 + 3 = c. Calculate the remainder when 3 is divided by j.
0
Suppose -4*y + 68 = -20. Let i(p) = -p**3 - 2*p**2 + 14*p + 1. What is the remainder when y is divided by i(-5)?
4
Let y = -13 + 4. What is the remainder when 10 is divided by (-52)/y - (-2)/9?
4
Let j = -35 + 72. Suppose 27 = 4*b + u - 24, 0 = -4*b + 4*u + 56. Calculate the remainder when j is divided by b.
11
Let u be -1 - ((-2 - -2) + -79). Suppose -u = -5*l + 67. What is the remainder when l is divided by 16?
13
Suppose 4*c = 33 + 55. Suppose -26 = -4*f + c. Suppose 2*j - k - f = -j, -10 = -5*j + 5*k. What is the remainder when 8 is divided by j?
3
What is the remainder when 2/((-4)/(-224)*4) is divided by 8?
4
Let m(p) = 3*p - 45. Let j = -37 - -54. Calculate the remainder when j is divided by m(18).
8
Suppose 4*d - 77 - 51 = 0. What is the remainder when d is divided by 2*((-44)/(-8) - 1)?
5
Let u = -19 - -23. Suppose -5*w + 85 = 5*i, -u*i = -3*w - 9*i + 61. Let l = 1 + 21. What is the remainder when l is divided by w?
10
Suppose -3*k + 15 + 75 = 3*i, -129 = -4*k + 5*i. Let s(p) = p**3 + 8*p**2 + 5*p - 3. Suppose m - 14 = 3*m. Calculate the remainder when k is divided by s(m).
9
Suppose -3*u = 2*i + 7, -7*u = 2*i - 5*u + 8. Let l = i + 10. Suppose 3*x - 22 = 5. What is the remainder when x is divided by l?
4
Suppose -5*k + k = -124. Suppose 2*z - 64 = -2*z. What is the remainder when k is divided by z?
15
Let w(k) = -k**3 - 2*k**2 - 2*k - 2. Let f be w(-2). Suppose m + 198 = 3*d, -f*m = -d - 7*m + 66. What is the remainder when d is divided by 23?
20
Let g = 104 - 49. Calculate the remainder when g is divided by 19.
17
Let c(u) = -u**3 + 10*u**2 + 17*u - 15. What is the remainder when c(11) is divided by 13?
12
Suppose -3*d = 3*h + 69, d + 132 = -4*h + 5*d. Let y = -18 - h. Calculate the remainder when 18 is divided by y.
8
Suppose -4*i = -0*i - r - 131, r - 133 = -4*i. Let p(f) = -f**3 + 2*f + 9. What is the remainder when i is divided by p(0)?
6
What is the remainder w